{"id":28,"date":"2015-02-06T13:18:42","date_gmt":"2015-02-06T13:18:42","guid":{"rendered":"http:\/\/karhu.cedunet.fi\/lyseoseniorit\/?page_id=28"},"modified":"2020-01-19T11:41:32","modified_gmt":"2020-01-19T09:41:32","slug":"vuoden-lyseolaiset","status":"publish","type":"page","link":"https:\/\/www.cedunet.fi\/lyseoseniorit\/?page_id=28","title":{"rendered":"Vuoden  lyseolainen"},"content":{"rendered":"<p><a href=\"http:\/\/karhu.cedunet.fi\/lyseoseniorit\/wp-content\/uploads\/2015\/02\/Logo.gif\"><img loading=\"lazy\" decoding=\"async\" class=\"alignnone size-full wp-image-58\" src=\"http:\/\/karhu.cedunet.fi\/lyseoseniorit\/wp-content\/uploads\/2015\/02\/Logo.gif\" alt=\"Logo\" width=\"102\" height=\"166\" \/><\/a><\/p>\n<p>T\u00e4m\u00e4\u00a0huomionosoitus annetaan\u00a0henkil\u00f6lle, joka on omalla allaan \u00a0erityisen arvostettu\u00a0ja \u00a0on ylpe\u00e4 lyseolaisuudestaan.<\/p>\n<p>Vuoden Lyseolainen julkistetaan yhdistyksen syyskokouksessa .<\/p>\n<p>Syyskokous pidet\u00e4\u00e4n yleens\u00e4 Porin p\u00e4iv\u00e4n\u00e4, tervetuloa mukaan!<\/p>\n<table border=\"0\" width=\"500px\" cellspacing=\"0\" cellpadding=\"0\">\n<tbody>\n<tr valign=\"top\">\n<td>\n<div>\n<ul>\n<li>1989 Jaakko Lepp\u00e4nen<\/li>\n<li>1990 <a class=\"new\" title=\"Pekka Harttila (sivua ei ole)\" href=\"http:\/\/fi.wikipedia.org\/w\/index.php?title=Pekka_Harttila&amp;action=edit&amp;redlink=1\">Pekka Harttila<\/a><\/li>\n<li>1991 <a class=\"new\" title=\"Henry Granfors (sivua ei ole)\" href=\"http:\/\/fi.wikipedia.org\/w\/index.php?title=Henry_Granfors&amp;action=edit&amp;redlink=1\">Henry Granfors<\/a><\/li>\n<li>1992 <a title=\"Jaakko Iloniemi\" href=\"http:\/\/fi.wikipedia.org\/wiki\/Jaakko_Iloniemi\">Jaakko Iloniemi<\/a><\/li>\n<li>1993 <a title=\"Arto Javanainen\" href=\"http:\/\/fi.wikipedia.org\/wiki\/Arto_Javanainen\">Arto Javanainen<\/a><\/li>\n<li>1994 <a title=\"Pekka Hallberg\" href=\"http:\/\/fi.wikipedia.org\/wiki\/Pekka_Hallberg\">Pekka Hallberg<\/a><\/li>\n<li>1995 <a title=\"Lasse W\u00e4chter\" href=\"http:\/\/fi.wikipedia.org\/wiki\/Lasse_W%C3%A4chter\">Lasse W\u00e4chter<\/a><\/li>\n<li>1996 <a title=\"Jyrki Kangas\" href=\"http:\/\/fi.wikipedia.org\/wiki\/Jyrki_Kangas\">Jyrki Kangas<\/a><\/li>\n<li>1997 <a title=\"Jukka Salo\" href=\"http:\/\/fi.wikipedia.org\/wiki\/Jukka_Salo\">Jukka Salo<\/a><\/li>\n<li>1998 Timo Koivisto<\/li>\n<li>1999 <a title=\"Tauno Tiusanen\" href=\"http:\/\/fi.wikipedia.org\/wiki\/Tauno_Tiusanen\">Tauno Tiusanen<\/a><\/li>\n<li>2000 Tapani Vainio-Mattila<\/li>\n<\/ul>\n<\/div>\n<\/td>\n<td>\n<div>\n<ul>\n<li>2001 <a title=\"Kari Uusitalo\" href=\"http:\/\/fi.wikipedia.org\/wiki\/Kari_Uusitalo\">Kari Uusitalo<\/a><\/li>\n<li>2002 Pertti Ratsula<\/li>\n<li>2003 <a title=\"Tero Vaara\" href=\"http:\/\/fi.wikipedia.org\/wiki\/Tero_Vaara\">Tero Vaara<\/a><\/li>\n<li>2004 <a title=\"Leena Reikko\" href=\"http:\/\/fi.wikipedia.org\/wiki\/Leena_Reikko\">Leena Reikko<\/a><\/li>\n<li>2005 Matti Linnainmaa<\/li>\n<li>2006 <a title=\"Peter Lund\" href=\"http:\/\/fi.wikipedia.org\/wiki\/Peter_Lund\">Peter Lund<\/a><\/li>\n<li>2007 Lauri Lempinen<\/li>\n<li>2008 <a class=\"mw-redirect\" title=\"Hannu Penttil\u00e4 (toimitusjohtaja)\" href=\"http:\/\/fi.wikipedia.org\/wiki\/Hannu_Penttil%C3%A4_%28toimitusjohtaja%29\">Hannu Penttil\u00e4<\/a><\/li>\n<li>2009 <a class=\"new\" title=\"Hannu Kalimo (sivua ei ole)\" href=\"http:\/\/fi.wikipedia.org\/w\/index.php?title=Hannu_Kalimo&amp;action=edit&amp;redlink=1\">Hannu Kalimo<\/a><\/li>\n<li>2010 Kalevi Virtanen<\/li>\n<li>2011 Maarit B\u00e4rlund<\/li>\n<li>2012 <a title=\"Kari Levola\" href=\"http:\/\/fi.wikipedia.org\/wiki\/Kari_Levola\">Kari Levola<\/a><\/li>\n<li>2013 Markku Honkasalo<\/li>\n<li>2014 Pekka Holopainen<\/li>\n<li>2015 \u00a0<a href=\"https:\/\/fi.wikipedia.org\/wiki\/Anne_Holmlund\">Anne Holmlund<\/a><\/li>\n<li>2016 <a href=\"https:\/\/www.cedunet.fi\/lyseoseniorit\/wp-content\/uploads\/2016\/11\/RAIMO-KOSTENSALO.pdf\">Raimo Kostensalo<\/a><\/li>\n<li>2017 <a href=\"https:\/\/fi.wikipedia.org\/wiki\/Risto_Ennekari\">Risto Ennekari<\/a><\/li>\n<li><a href=\"https:\/\/www.cedunet.fi\/lyseoseniorit\/wp-content\/uploads\/2017\/10\/vuoden-lyseolainen-2017-puheenvuoro.pdf\">Risto Ennekarin puhe 23.9.2017<\/a><\/li>\n<li>2018 Arto Kallioniemi<\/li>\n<li>2019 Timo Aro<\/li>\n<\/ul>\n<\/div>\n<\/td>\n<\/tr>\n<\/tbody>\n<\/table>\n","protected":false},"excerpt":{"rendered":"<p>T\u00e4m\u00e4\u00a0huomionosoitus annetaan\u00a0henkil\u00f6lle, joka on omalla allaan \u00a0erityisen arvostettu\u00a0ja \u00a0on ylpe\u00e4 lyseolaisuudestaan. Vuoden Lyseolainen julkistetaan yhdistyksen syyskokouksessa . Syyskokous pidet\u00e4\u00e4n yleens\u00e4 Porin p\u00e4iv\u00e4n\u00e4, tervetuloa mukaan! 1989 Jaakko Lepp\u00e4nen 1990 Pekka Harttila 1991 Henry Granfors 1992 Jaakko Iloniemi 1993 Arto Javanainen 1994 Pekka Hallberg 1995 Lasse W\u00e4chter 1996 Jyrki Kangas 1997 Jukka Salo 1998 Timo Koivisto 1999 &hellip; <a href=\"https:\/\/www.cedunet.fi\/lyseoseniorit\/?page_id=28\" class=\"more-link\">Jatka lukemista <span class=\"screen-reader-text\">Vuoden  lyseolainen<\/span> <span class=\"meta-nav\">&rarr;<\/span><\/a><\/p>\n","protected":false},"author":3,"featured_media":0,"parent":0,"menu_order":0,"comment_status":"closed","ping_status":"closed","template":"","meta":{"footnotes":""},"class_list":["post-28","page","type-page","status-publish","hentry"],"_links":{"self":[{"href":"https:\/\/www.cedunet.fi\/lyseoseniorit\/index.php?rest_route=\/wp\/v2\/pages\/28","targetHints":{"allow":["GET"]}}],"collection":[{"href":"https:\/\/www.cedunet.fi\/lyseoseniorit\/index.php?rest_route=\/wp\/v2\/pages"}],"about":[{"href":"https:\/\/www.cedunet.fi\/lyseoseniorit\/index.php?rest_route=\/wp\/v2\/types\/page"}],"author":[{"embeddable":true,"href":"https:\/\/www.cedunet.fi\/lyseoseniorit\/index.php?rest_route=\/wp\/v2\/users\/3"}],"replies":[{"embeddable":true,"href":"https:\/\/www.cedunet.fi\/lyseoseniorit\/index.php?rest_route=%2Fwp%2Fv2%2Fcomments&post=28"}],"version-history":[{"count":19,"href":"https:\/\/www.cedunet.fi\/lyseoseniorit\/index.php?rest_route=\/wp\/v2\/pages\/28\/revisions"}],"predecessor-version":[{"id":624,"href":"https:\/\/www.cedunet.fi\/lyseoseniorit\/index.php?rest_route=\/wp\/v2\/pages\/28\/revisions\/624"}],"wp:attachment":[{"href":"https:\/\/www.cedunet.fi\/lyseoseniorit\/index.php?rest_route=%2Fwp%2Fv2%2Fmedia&parent=28"}],"curies":[{"name":"wp","href":"https:\/\/api.w.org\/{rel}","templated":true}]}}

<p><a href="http://karhu.cedunet.fi/lyseoseniorit/wp-content/uploads/2015/02/Logo.gif"><img loading="lazy" decoding="async" class="alignnone size-full wp-image-58" src="http://karhu.cedunet.fi/lyseoseniorit/wp-content/uploads/2015/02/Logo.gif" alt="Logo" width="102" height="166" /></a></p>
<p>Tämä huomionosoitus annetaan henkilölle, joka on omalla allaan  erityisen arvostettu ja  on ylpeä lyseolaisuudestaan.</p>
<p>Vuoden Lyseolainen julkistetaan yhdistyksen syyskokouksessa .</p>
<p>Syyskokous pidetään yleensä Porin päivänä, tervetuloa mukaan!</p>
<table border="0" width="500px" cellspacing="0" cellpadding="0">
<tbody>
<tr valign="top">
<td>
<div>
<ul>
<li>1989 Jaakko Leppänen</li>
<li>1990 <a class="new" title="Pekka Harttila (sivua ei ole)" href="http://fi.wikipedia.org/w/index.php?title=Pekka_Harttila&amp;action=edit&amp;redlink=1">Pekka Harttila</a></li>
<li>1991 <a class="new" title="Henry Granfors (sivua ei ole)" href="http://fi.wikipedia.org/w/index.php?title=Henry_Granfors&amp;action=edit&amp;redlink=1">Henry Granfors</a></li>
<li>1992 <a title="Jaakko Iloniemi" href="http://fi.wikipedia.org/wiki/Jaakko_Iloniemi">Jaakko Iloniemi</a></li>
<li>1993 <a title="Arto Javanainen" href="http://fi.wikipedia.org/wiki/Arto_Javanainen">Arto Javanainen</a></li>
<li>1994 <a title="Pekka Hallberg" href="http://fi.wikipedia.org/wiki/Pekka_Hallberg">Pekka Hallberg</a></li>
<li>1995 <a title="Lasse Wächter" href="http://fi.wikipedia.org/wiki/Lasse_W%C3%A4chter">Lasse Wächter</a></li>
<li>1996 <a title="Jyrki Kangas" href="http://fi.wikipedia.org/wiki/Jyrki_Kangas">Jyrki Kangas</a></li>
<li>1997 <a title="Jukka Salo" href="http://fi.wikipedia.org/wiki/Jukka_Salo">Jukka Salo</a></li>
<li>1998 Timo Koivisto</li>
<li>1999 <a title="Tauno Tiusanen" href="http://fi.wikipedia.org/wiki/Tauno_Tiusanen">Tauno Tiusanen</a></li>
<li>2000 Tapani Vainio-Mattila</li>
</ul>
</div>
</td>
<td>
<div>
<ul>
<li>2001 <a title="Kari Uusitalo" href="http://fi.wikipedia.org/wiki/Kari_Uusitalo">Kari Uusitalo</a></li>
<li>2002 Pertti Ratsula</li>
<li>2003 <a title="Tero Vaara" href="http://fi.wikipedia.org/wiki/Tero_Vaara">Tero Vaara</a></li>
<li>2004 <a title="Leena Reikko" href="http://fi.wikipedia.org/wiki/Leena_Reikko">Leena Reikko</a></li>
<li>2005 Matti Linnainmaa</li>
<li>2006 <a title="Peter Lund" href="http://fi.wikipedia.org/wiki/Peter_Lund">Peter Lund</a></li>
<li>2007 Lauri Lempinen</li>
<li>2008 <a class="mw-redirect" title="Hannu Penttilä (toimitusjohtaja)" href="http://fi.wikipedia.org/wiki/Hannu_Penttil%C3%A4_%28toimitusjohtaja%29">Hannu Penttilä</a></li>
<li>2009 <a class="new" title="Hannu Kalimo (sivua ei ole)" href="http://fi.wikipedia.org/w/index.php?title=Hannu_Kalimo&amp;action=edit&amp;redlink=1">Hannu Kalimo</a></li>
<li>2010 Kalevi Virtanen</li>
<li>2011 Maarit Bärlund</li>
<li>2012 <a title="Kari Levola" href="http://fi.wikipedia.org/wiki/Kari_Levola">Kari Levola</a></li>
<li>2013 Markku Honkasalo</li>
<li>2014 Pekka Holopainen</li>
<li>2015  <a href="https://fi.wikipedia.org/wiki/Anne_Holmlund">Anne Holmlund</a></li>
<li>2016 <a href="https://www.cedunet.fi/lyseoseniorit/wp-content/uploads/2016/11/RAIMO-KOSTENSALO.pdf">Raimo Kostensalo</a></li>
<li>2017 <a href="https://fi.wikipedia.org/wiki/Risto_Ennekari">Risto Ennekari</a></li>
<li><a href="https://www.cedunet.fi/lyseoseniorit/wp-content/uploads/2017/10/vuoden-lyseolainen-2017-puheenvuoro.pdf">Risto Ennekarin puhe 23.9.2017</a></li>
<li>2018 Arto Kallioniemi</li>
<li>2019 Timo Aro</li>
</ul>
</div>
</td>
</tr>
</tbody>
</table>

<p>Tämä huomionosoitus annetaan henkilölle, joka on omalla allaan  erityisen arvostettu ja  on ylpeä lyseolaisuudestaan. Vuoden Lyseolainen julkistetaan yhdistyksen syyskokouksessa . Syyskokous pidetään yleensä Porin päivänä, tervetuloa mukaan! 1989 Jaakko Leppänen 1990 Pekka Harttila 1991 Henry Granfors 1992 Jaakko Iloniemi 1993 Arto Javanainen 1994 Pekka Hallberg 1995 Lasse Wächter 1996 Jyrki Kangas 1997 Jukka Salo 1998 Timo Koivisto 1999 &hellip; <a href="https://www.cedunet.fi/lyseoseniorit/?page_id=28" class="more-link">Jatka lukemista <span class="screen-reader-text">Vuoden  lyseolainen</span> <span class="meta-nav">&rarr;</span></a></p>
